{"id":8837,"date":"2025-09-11T09:22:40","date_gmt":"2025-09-11T07:22:40","guid":{"rendered":"https:\/\/j-p-management.com\/?page_id=8837"},"modified":"2025-09-15T10:25:01","modified_gmt":"2025-09-15T08:25:01","slug":"fuehrungskraefteentwicklung","status":"publish","type":"page","link":"https:\/\/wienerhomepages-projekte.at\/1\/j-p-management\/leistungsfelder\/fuehrungskraefteentwicklung\/","title":{"rendered":"F\u00fchrungskr\u00e4fteentwicklung"},"content":{"rendered":"<p><div class=\"fusion-fullwidth fullwidth-box fusion-builder-row-1 fusion-flex-container nonhundred-percent-fullwidth non-hundred-percent-height-scrolling\" style=\"--awb-border-radius-top-left:0px;--awb-border-radius-top-right:0px;--awb-border-radius-bottom-right:0px;--awb-border-radius-bottom-left:0px;--awb-flex-wrap:wrap;\" ><div class=\"fusion-builder-row fusion-row fusion-flex-align-items-flex-start fusion-flex-content-wrap\" style=\"max-width:1216.8px;margin-left: calc(-4% \/ 2 );margin-right: calc(-4% \/ 2 );\"><div class=\"fusion-layout-column fusion_builder_column fusion-builder-column-0 fusion_builder_column_1_1 1_1 fusion-flex-column listeleistungen\" style=\"--awb-bg-size:cover;--awb-width-large:100%;--awb-margin-top-large:0px;--awb-spacing-right-large:1.92%;--awb-margin-bottom-large:20px;--awb-spacing-left-large:1.92%;--awb-width-medium:100%;--awb-order-medium:0;--awb-spacing-right-medium:1.92%;--awb-spacing-left-medium:1.92%;--awb-width-small:100%;--awb-order-small:0;--awb-spacing-right-small:1.92%;--awb-spacing-left-small:1.92%;\"><div class=\"fusion-column-wrapper fusion-column-has-shadow fusion-flex-justify-content-flex-start fusion-content-layout-column\"><div class=\"fusion-text fusion-text-1\"><h2>Wir unterst\u00fctzen Sie bei:<\/h2>\n<ul class=\"icon-punkte\">\n<li class=\"lf\">Einf\u00fchrung bzw. Optimierung von Shopfloor Management \/ Officefloor Management\n<ul>\n<li>Qualifizierung Ihrer F\u00fchrungskr\u00e4fte sowie Mitarbeiterinnen und Mitarbeiter<\/li>\n<li>Konzeptionierung und Erprobung in Pilotbereichen<\/li>\n<li>Coaching der Pilotteams<\/li>\n<li>Reflexions-, Standardisierungs- und Nachhaltigkeitsworkshops<\/li>\n<li>Begleitung beim Rollout<\/li>\n<\/ul>\n<\/li>\n<li class=\"lf\">Operationalisierung von Unternehmenskultur und -werten\n<ul>\n<li>\u00dcbersetzung der gew\u00fcnschten Unternehmenskultur und -werte in konkrete Prozesse, Spielregeln, Leitf\u00e4den etc..<\/li>\n<li>Entwicklung von F\u00fchrungsroutinen, um die entwickelten Standards nachhaltig zu verankern<\/li>\n<li>Coaching der F\u00fchrungskr\u00e4fte bei der Durchf\u00fchrung ihrer F\u00fchrungsroutinen<\/li>\n<\/ul>\n<\/li>\n<li class=\"lf\">Operationalisierung von strategischen Initiativen\n<ul>\n<li>Coaching der F\u00fchrungskr\u00e4fte bei der Operationalisierung strategischer Initiativen und Realisierung der damit in Zusammenhang stehenden Ziele<\/li>\n<\/ul>\n<\/li>\n<li class=\"lf\">Entwicklung und F\u00f6rderung einer Fehler- und Verbesserungskultur\n<ul>\n<li>Aufbau einer Organisation, die Probleme und Herausforderungen sichtbar macht<\/li>\n<li>Entwicklung von Mitarbeiterinnen und Mitarbeitern, die bereit und f\u00e4hig sind, erkannte Probleme nachhaltig zu l\u00f6sen und Hindernisse zu beseitigen (inkl. Anwendung der Coaching-Kata)<\/li>\n<li>Coaching der F\u00fchrungskr\u00e4fte bei der organisatorischen Verankerung der Verbesserungsarbeit im Arbeitsalltag<\/li>\n<li>Coaching der F\u00fchrungskr\u00e4fte bei der Moderation von Probleml\u00f6sungs-, KVP-, Konfliktl\u00f6sungsworkshops etc.<\/li>\n<\/ul>\n<\/li>\n<li class=\"lf\">Optimierung der Teamf\u00fchrung und Zusammenarbeit im Team\n<ul>\n<li>Entwicklung von Werten zur Zusammenarbeit im Team (Was uns motiviert. Was uns verbindet.)<\/li>\n<li>Schaffung von Klarheit \u00fcber Aufgaben, Verantwortungen und Befugnissen des Teams \/ der Teammitglieder<\/li>\n<li>Coaching von F\u00fchrungskr\u00e4ften bei der Wahrnehmung ihrer Rolle im Shopfloor \/ Officefloor Management<\/li>\n<li>Entwicklung von Teamvision, Teamzielen, Kernverantwortungen etc.<\/li>\n<\/ul>\n<\/li>\n<li class=\"lf\">St\u00e4rkung der Resilienz der F\u00fchrungskr\u00e4fte\n<ul>\n<li>Coaching von F\u00fchrungskr\u00e4ften bei der St\u00e4rkung ihrer Widerstandskraft gegen\u00fcber Belastungen, Stress und Krisensituationen<\/li>\n<\/ul>\n<\/li>\n<li class=\"lf\">Qualifizierung Ihrer F\u00fchrungskr\u00e4fte\n<ul>\n<li>Durchf\u00fchrung von ma\u00dfgeschneiderten Leadership-Trainings und -Lehrg\u00e4ngen\n<ul>\n<li><a href=\"https:\/\/www.step-up.at\/step-up-akademie\/lehrgang-leadership-excellence\/\">f\u00fcr alle F\u00fchrungsebenen<\/a>\u00a0(z. B. Management, Bereichsleiterinnen, Abteilungsleiter, Teamleiterinnen)<\/li>\n<li><a href=\"https:\/\/wienerhomepages-projekte.at\/1\/j-p-management\/akademie\/trainings\/leadership\/fuehrungskraeftequalifizierung-als-booster-fuer-strategische-initiativen\/\">abgestimmt auf strategische Initiativen<\/a><\/li>\n<\/ul>\n<\/li>\n<\/ul>\n<\/li>\n<\/ul>\n<\/div><\/div><\/div><\/div><\/div><div class=\"fusion-fullwidth fullwidth-box fusion-builder-row-2 fusion-flex-container has-pattern-background has-mask-background nonhundred-percent-fullwidth non-hundred-percent-height-scrolling ausgeblendet\" style=\"--awb-border-radius-top-left:0px;--awb-border-radius-top-right:0px;--awb-border-radius-bottom-right:0px;--awb-border-radius-bottom-left:0px;--awb-flex-wrap:wrap;\" ><div class=\"fusion-builder-row fusion-row fusion-flex-align-items-flex-start fusion-flex-content-wrap\" style=\"max-width:1216.8px;margin-left: calc(-4% \/ 2 );margin-right: calc(-4% \/ 2 );\"><div class=\"fusion-layout-column fusion_builder_column fusion-builder-column-1 fusion_builder_column_1_1 1_1 fusion-flex-column listeleistungen\" style=\"--awb-bg-size:cover;--awb-width-large:100%;--awb-margin-top-large:0px;--awb-spacing-right-large:1.92%;--awb-margin-bottom-large:20px;--awb-spacing-left-large:1.92%;--awb-width-medium:100%;--awb-order-medium:0;--awb-spacing-right-medium:1.92%;--awb-spacing-left-medium:1.92%;--awb-width-small:100%;--awb-order-small:0;--awb-spacing-right-small:1.92%;--awb-spacing-left-small:1.92%;\"><div class=\"fusion-column-wrapper fusion-column-has-shadow fusion-flex-justify-content-flex-start fusion-content-layout-column\"><div class=\"fusion-text fusion-text-2\"><h2>Wir unterst\u00fctzen Sie bei:<\/h2>\n<ul class=\"icon-punkte\">\n<li class=\"lf\">Abwicklung Ihrer Projekte unter Anwendung der Projektmanagementmethoden und -werkzeuge\n<ul>\n<li>Moderation von Projektstart-, Projektcontrolling-, Projektabschlussworkshops<\/li>\n<li>Coaching von Projektauftraggeberinnen und Projektauftraggebern, Projektleiterinnen und Projektleitern<\/li>\n<li>Erstellung von Projektauftr\u00e4gen, Projektstrukturpl\u00e4nen, RASIC-Charts, Projektmeilensteinpl\u00e4nen, Projektablaufpl\u00e4nen, Projektumweltanalysen, Projektrisikoanalysen, Projektfortschrittsberichten, Projektabschlussberichten etc.<\/li>\n<\/ul>\n<\/li>\n<li class=\"lf\">Integration der automobilspezifischen Anforderungen in Ihr praktiziertes Projektmanagement\n<ul>\n<li>Design- und Prozess-FMEA, Design-Verification-Plan&amp;Report (DVP&amp;R), Controlplan \/ Produktionslenkungsplan (PLP), Produktionsprozess- und Produktfreigabe (PPF, PPAP), Run@Rate \/ Prozessserie etc.<\/li>\n<\/ul>\n<\/li>\n<li class=\"lf\">Einbettung und nachhaltige Verankerung der erforderlichen Einzel- und Multiprojektmanagementprozesse in Ihre Unternehmensorganisation\n<ul>\n<li>Prozesse wie Projektbeauftragung, Projektstart, Projektcontrolling, Projektmarketing, Projektabschluss, Projektevaluierung etc.<\/li>\n<li>Rollen wie Projektauftraggeberin \/ Projektauftraggeber, Projektleiterin \/ Projektleiter, Projektkernteammitglieder, Projektmitarbeiterin \/ Projektmitarbeiter, Lenkungsausschuss etc.<\/li>\n<\/ul>\n<\/li>\n<li class=\"lf\">Qualifizierung Ihrer F\u00fchrungskr\u00e4fte sowie Mitarbeiterinnen und Mitarbeiter\n<ul>\n<li><a href=\"https:\/\/wienerhomepages-projekte.at\/1\/j-p-management\/akademie\/trainings\/projekt-und-prozessmanagement\/\">Projektmanagement<\/a>\u00a0etc.<\/li>\n<li><img decoding=\"async\" class=\"lazyload size-full wp-image-5369 alignright\" src=\"data:image\/svg+xml,%3Csvg%20xmlns%3D%27http%3A%2F%2Fwww.w3.org%2F2000%2Fsvg%27%20width%3D%27150%27%20height%3D%2755%27%20viewBox%3D%270%200%20150%2055%27%3E%3Crect%20width%3D%27150%27%20height%3D%2755%27%20fill-opacity%3D%220%22%2F%3E%3C%2Fsvg%3E\" data-orig-src=\"https:\/\/wienerhomepages-projekte.at\/1\/j-p-management\/wp-content\/uploads\/images\/logos\/ac.jpg\" alt=\"\" width=\"150\" height=\"55\" \/>In Kooperation mit dem Automobil-Cluster:<br \/>\n<a href=\"https:\/\/wienerhomepages-projekte.at\/1\/j-p-management\/akademie\/zertifizierte-lehrgaenge\/lehrgaenge-projektmanagement\/lehrgang-projektmanager-automotive\/\">Lehrgang &#8222;Projektmanager Automotive&#8220;<\/a><\/li>\n<\/ul>\n<\/li>\n<\/ul>\n<\/div><\/div><\/div><\/div><\/div><\/p>\n","protected":false},"excerpt":{"rendered":"","protected":false},"author":2,"featured_media":0,"parent":5119,"menu_order":0,"comment_status":"closed","ping_status":"closed","template":"","meta":{"footnotes":""},"class_list":["post-8837","page","type-page","status-publish","hentry"],"yoast_head":"<!-- This site is optimized with the Yoast SEO plugin v27.2 - https:\/\/yoast.com\/product\/yoast-seo-wordpress\/ -->\n<title>F\u00fchrungskr\u00e4fteentwicklung - j-p-management<\/title>\n<meta name=\"description\" content=\"Projektmanagement - Abwicklung Ihrer Projekte unter Anwendung der Projektmanagementmethoden und -werkzeuge, Moderation von Projektstart-, Projektcontrolling-, Projektabschlussworkshops Coaching von Projektauftraggeberinnen und Projektauftraggebern, Projektleiterinnen und Projektleitern, Erstellung von Projektauftr\u00e4gen, Projektstrukturpl\u00e4nen, RASIC-Charts, Projektmeilensteinpl\u00e4nen, Projektablaufpl\u00e4nen, Projektumweltanalysen, Projektrisikoanalysen, Projektfortschrittsberichten, Projektabschlussberichten etc. Integration der automobilspezifischen Anforderungen in Ihr praktiziertes Projektmanagement, Design- und Prozess-FMEA, Design-Verification-Plan&amp;Report (DVP&amp;R), Controlplan \/ Produktionslenkungsplan (PLP), Produktionsprozess- und Produktfreigabe (PPF, PPAP), Run@Rate \/ Prozessserie etc. Einbettung und nachhaltige Verankerung der erforderlichen Einzel- und Multiprojektmanagementprozesse in Ihre Unternehmensorganisation, Prozesse wie Projektbeauftragung, Projektstart, Projektcontrolling, Projektmarketing, Projektabschluss, Projektevaluierung etc. Rollen wie Projektauftraggeberin \/ Projektauftraggeber, Projektleiterin \/ Projektleiter, Projektkernteammitglieder, Projektmitarbeiterin \/ Projektmitarbeiter, Lenkungsausschuss etc. Qualifizierung Ihrer F\u00fchrungskr\u00e4fte sowie Mitarbeiterinnen und Mitarbeiter Projektmanagement etc. In Kooperation mit dem Automobil-Cluster:Lehrgang \u201eProjektmanager Automotive\u201c\" \/>\n<meta name=\"robots\" content=\"noindex, follow, max-snippet:-1, max-image-preview:large, max-video-preview:-1\" \/>\n<meta property=\"og:locale\" content=\"de_DE\" \/>\n<meta property=\"og:type\" content=\"article\" \/>\n<meta property=\"og:title\" content=\"F\u00fchrungskr\u00e4fteentwicklung - j-p-management\" \/>\n<meta property=\"og:description\" content=\"Projektmanagement - Abwicklung Ihrer Projekte unter Anwendung der Projektmanagementmethoden und -werkzeuge, Moderation von Projektstart-, Projektcontrolling-, Projektabschlussworkshops Coaching von Projektauftraggeberinnen und Projektauftraggebern, Projektleiterinnen und Projektleitern, Erstellung von Projektauftr\u00e4gen, Projektstrukturpl\u00e4nen, RASIC-Charts, Projektmeilensteinpl\u00e4nen, Projektablaufpl\u00e4nen, Projektumweltanalysen, Projektrisikoanalysen, Projektfortschrittsberichten, Projektabschlussberichten etc. Integration der automobilspezifischen Anforderungen in Ihr praktiziertes Projektmanagement, Design- und Prozess-FMEA, Design-Verification-Plan&amp;Report (DVP&amp;R), Controlplan \/ Produktionslenkungsplan (PLP), Produktionsprozess- und Produktfreigabe (PPF, PPAP), Run@Rate \/ Prozessserie etc. Einbettung und nachhaltige Verankerung der erforderlichen Einzel- und Multiprojektmanagementprozesse in Ihre Unternehmensorganisation, Prozesse wie Projektbeauftragung, Projektstart, Projektcontrolling, Projektmarketing, Projektabschluss, Projektevaluierung etc. Rollen wie Projektauftraggeberin \/ Projektauftraggeber, Projektleiterin \/ Projektleiter, Projektkernteammitglieder, Projektmitarbeiterin \/ Projektmitarbeiter, Lenkungsausschuss etc. Qualifizierung Ihrer F\u00fchrungskr\u00e4fte sowie Mitarbeiterinnen und Mitarbeiter Projektmanagement etc. In Kooperation mit dem Automobil-Cluster:Lehrgang \u201eProjektmanager Automotive\u201c\" \/>\n<meta property=\"og:url\" content=\"https:\/\/wienerhomepages-projekte.at\/1\/j-p-management\/leistungsfelder\/fuehrungskraefteentwicklung\/\" \/>\n<meta property=\"og:site_name\" content=\"j-p-management\" \/>\n<meta property=\"article:modified_time\" content=\"2025-09-15T08:25:01+00:00\" \/>\n<meta property=\"og:image\" content=\"https:\/\/wienerhomepages-projekte.at\/1\/j-p-management\/wp-content\/uploads\/images\/logos\/ac.jpg\" \/>\n\t<meta property=\"og:image:width\" content=\"150\" \/>\n\t<meta property=\"og:image:height\" content=\"55\" \/>\n\t<meta property=\"og:image:type\" content=\"image\/jpeg\" \/>\n<meta name=\"twitter:card\" content=\"summary_large_image\" \/>\n<meta name=\"twitter:label1\" content=\"Gesch\u00e4tzte Lesezeit\" \/>\n\t<meta name=\"twitter:data1\" content=\"3\u00a0Minuten\" \/>\n<script type=\"application\/ld+json\" class=\"yoast-schema-graph\">{\"@context\":\"https:\/\/schema.org\",\"@graph\":[{\"@type\":\"WebPage\",\"@id\":\"https:\/\/wienerhomepages-projekte.at\/1\/j-p-management\/leistungsfelder\/fuehrungskraefteentwicklung\/\",\"url\":\"https:\/\/wienerhomepages-projekte.at\/1\/j-p-management\/leistungsfelder\/fuehrungskraefteentwicklung\/\",\"name\":\"F\u00fchrungskr\u00e4fteentwicklung - j-p-management\",\"isPartOf\":{\"@id\":\"https:\/\/wienerhomepages-projekte.at\/1\/j-p-management\/#website\"},\"primaryImageOfPage\":{\"@id\":\"https:\/\/wienerhomepages-projekte.at\/1\/j-p-management\/leistungsfelder\/fuehrungskraefteentwicklung\/#primaryimage\"},\"image\":{\"@id\":\"https:\/\/wienerhomepages-projekte.at\/1\/j-p-management\/leistungsfelder\/fuehrungskraefteentwicklung\/#primaryimage\"},\"thumbnailUrl\":\"https:\/\/wienerhomepages-projekte.at\/1\/j-p-management\/wp-content\/uploads\/images\/logos\/ac.jpg\",\"datePublished\":\"2025-09-11T07:22:40+00:00\",\"dateModified\":\"2025-09-15T08:25:01+00:00\",\"description\":\"Projektmanagement - Abwicklung Ihrer Projekte unter Anwendung der Projektmanagementmethoden und -werkzeuge, Moderation von Projektstart-, Projektcontrolling-, Projektabschlussworkshops Coaching von Projektauftraggeberinnen und Projektauftraggebern, Projektleiterinnen und Projektleitern, Erstellung von Projektauftr\u00e4gen, Projektstrukturpl\u00e4nen, RASIC-Charts, Projektmeilensteinpl\u00e4nen, Projektablaufpl\u00e4nen, Projektumweltanalysen, Projektrisikoanalysen, Projektfortschrittsberichten, Projektabschlussberichten etc. Integration der automobilspezifischen Anforderungen in Ihr praktiziertes Projektmanagement, Design- und Prozess-FMEA, Design-Verification-Plan&Report (DVP&R), Controlplan \/ Produktionslenkungsplan (PLP), Produktionsprozess- und Produktfreigabe (PPF, PPAP), Run@Rate \/ Prozessserie etc. Einbettung und nachhaltige Verankerung der erforderlichen Einzel- und Multiprojektmanagementprozesse in Ihre Unternehmensorganisation, Prozesse wie Projektbeauftragung, Projektstart, Projektcontrolling, Projektmarketing, Projektabschluss, Projektevaluierung etc. Rollen wie Projektauftraggeberin \/ Projektauftraggeber, Projektleiterin \/ Projektleiter, Projektkernteammitglieder, Projektmitarbeiterin \/ Projektmitarbeiter, Lenkungsausschuss etc. Qualifizierung Ihrer F\u00fchrungskr\u00e4fte sowie Mitarbeiterinnen und Mitarbeiter Projektmanagement etc. In Kooperation mit dem Automobil-Cluster:Lehrgang \u201eProjektmanager Automotive\u201c\",\"breadcrumb\":{\"@id\":\"https:\/\/wienerhomepages-projekte.at\/1\/j-p-management\/leistungsfelder\/fuehrungskraefteentwicklung\/#breadcrumb\"},\"inLanguage\":\"de\",\"potentialAction\":[{\"@type\":\"ReadAction\",\"target\":[\"https:\/\/wienerhomepages-projekte.at\/1\/j-p-management\/leistungsfelder\/fuehrungskraefteentwicklung\/\"]}]},{\"@type\":\"ImageObject\",\"inLanguage\":\"de\",\"@id\":\"https:\/\/wienerhomepages-projekte.at\/1\/j-p-management\/leistungsfelder\/fuehrungskraefteentwicklung\/#primaryimage\",\"url\":\"https:\/\/wienerhomepages-projekte.at\/1\/j-p-management\/wp-content\/uploads\/images\/logos\/ac.jpg\",\"contentUrl\":\"https:\/\/wienerhomepages-projekte.at\/1\/j-p-management\/wp-content\/uploads\/images\/logos\/ac.jpg\",\"width\":150,\"height\":55},{\"@type\":\"BreadcrumbList\",\"@id\":\"https:\/\/wienerhomepages-projekte.at\/1\/j-p-management\/leistungsfelder\/fuehrungskraefteentwicklung\/#breadcrumb\",\"itemListElement\":[{\"@type\":\"ListItem\",\"position\":1,\"name\":\"Startseite\",\"item\":\"https:\/\/wienerhomepages-projekte.at\/1\/j-p-management\/\"},{\"@type\":\"ListItem\",\"position\":2,\"name\":\"Consulting, Coaching\",\"item\":\"https:\/\/wienerhomepages-projekte.at\/1\/j-p-management\/leistungsfelder\/\"},{\"@type\":\"ListItem\",\"position\":3,\"name\":\"F\u00fchrungskr\u00e4fteentwicklung\"}]},{\"@type\":\"WebSite\",\"@id\":\"https:\/\/wienerhomepages-projekte.at\/1\/j-p-management\/#website\",\"url\":\"https:\/\/wienerhomepages-projekte.at\/1\/j-p-management\/\",\"name\":\"j-p-management\",\"description\":\"\",\"potentialAction\":[{\"@type\":\"SearchAction\",\"target\":{\"@type\":\"EntryPoint\",\"urlTemplate\":\"https:\/\/wienerhomepages-projekte.at\/1\/j-p-management\/?s={search_term_string}\"},\"query-input\":{\"@type\":\"PropertyValueSpecification\",\"valueRequired\":true,\"valueName\":\"search_term_string\"}}],\"inLanguage\":\"de\"}]}<\/script>\n<!-- \/ Yoast SEO plugin. -->","yoast_head_json":{"title":"F\u00fchrungskr\u00e4fteentwicklung - j-p-management","description":"Projektmanagement - Abwicklung Ihrer Projekte unter Anwendung der Projektmanagementmethoden und -werkzeuge, Moderation von Projektstart-, Projektcontrolling-, Projektabschlussworkshops Coaching von Projektauftraggeberinnen und Projektauftraggebern, Projektleiterinnen und Projektleitern, Erstellung von Projektauftr\u00e4gen, Projektstrukturpl\u00e4nen, RASIC-Charts, Projektmeilensteinpl\u00e4nen, Projektablaufpl\u00e4nen, Projektumweltanalysen, Projektrisikoanalysen, Projektfortschrittsberichten, Projektabschlussberichten etc. Integration der automobilspezifischen Anforderungen in Ihr praktiziertes Projektmanagement, Design- und Prozess-FMEA, Design-Verification-Plan&Report (DVP&R), Controlplan \/ Produktionslenkungsplan (PLP), Produktionsprozess- und Produktfreigabe (PPF, PPAP), Run@Rate \/ Prozessserie etc. Einbettung und nachhaltige Verankerung der erforderlichen Einzel- und Multiprojektmanagementprozesse in Ihre Unternehmensorganisation, Prozesse wie Projektbeauftragung, Projektstart, Projektcontrolling, Projektmarketing, Projektabschluss, Projektevaluierung etc. Rollen wie Projektauftraggeberin \/ Projektauftraggeber, Projektleiterin \/ Projektleiter, Projektkernteammitglieder, Projektmitarbeiterin \/ Projektmitarbeiter, Lenkungsausschuss etc. Qualifizierung Ihrer F\u00fchrungskr\u00e4fte sowie Mitarbeiterinnen und Mitarbeiter Projektmanagement etc. In Kooperation mit dem Automobil-Cluster:Lehrgang \u201eProjektmanager Automotive\u201c","robots":{"index":"noindex","follow":"follow","max-snippet":"max-snippet:-1","max-image-preview":"max-image-preview:large","max-video-preview":"max-video-preview:-1"},"og_locale":"de_DE","og_type":"article","og_title":"F\u00fchrungskr\u00e4fteentwicklung - j-p-management","og_description":"Projektmanagement - Abwicklung Ihrer Projekte unter Anwendung der Projektmanagementmethoden und -werkzeuge, Moderation von Projektstart-, Projektcontrolling-, Projektabschlussworkshops Coaching von Projektauftraggeberinnen und Projektauftraggebern, Projektleiterinnen und Projektleitern, Erstellung von Projektauftr\u00e4gen, Projektstrukturpl\u00e4nen, RASIC-Charts, Projektmeilensteinpl\u00e4nen, Projektablaufpl\u00e4nen, Projektumweltanalysen, Projektrisikoanalysen, Projektfortschrittsberichten, Projektabschlussberichten etc. Integration der automobilspezifischen Anforderungen in Ihr praktiziertes Projektmanagement, Design- und Prozess-FMEA, Design-Verification-Plan&Report (DVP&R), Controlplan \/ Produktionslenkungsplan (PLP), Produktionsprozess- und Produktfreigabe (PPF, PPAP), Run@Rate \/ Prozessserie etc. Einbettung und nachhaltige Verankerung der erforderlichen Einzel- und Multiprojektmanagementprozesse in Ihre Unternehmensorganisation, Prozesse wie Projektbeauftragung, Projektstart, Projektcontrolling, Projektmarketing, Projektabschluss, Projektevaluierung etc. Rollen wie Projektauftraggeberin \/ Projektauftraggeber, Projektleiterin \/ Projektleiter, Projektkernteammitglieder, Projektmitarbeiterin \/ Projektmitarbeiter, Lenkungsausschuss etc. Qualifizierung Ihrer F\u00fchrungskr\u00e4fte sowie Mitarbeiterinnen und Mitarbeiter Projektmanagement etc. In Kooperation mit dem Automobil-Cluster:Lehrgang \u201eProjektmanager Automotive\u201c","og_url":"https:\/\/wienerhomepages-projekte.at\/1\/j-p-management\/leistungsfelder\/fuehrungskraefteentwicklung\/","og_site_name":"j-p-management","article_modified_time":"2025-09-15T08:25:01+00:00","og_image":[{"width":150,"height":55,"url":"https:\/\/wienerhomepages-projekte.at\/1\/j-p-management\/wp-content\/uploads\/images\/logos\/ac.jpg","type":"image\/jpeg"}],"twitter_card":"summary_large_image","twitter_misc":{"Gesch\u00e4tzte Lesezeit":"3\u00a0Minuten"},"schema":{"@context":"https:\/\/schema.org","@graph":[{"@type":"WebPage","@id":"https:\/\/wienerhomepages-projekte.at\/1\/j-p-management\/leistungsfelder\/fuehrungskraefteentwicklung\/","url":"https:\/\/wienerhomepages-projekte.at\/1\/j-p-management\/leistungsfelder\/fuehrungskraefteentwicklung\/","name":"F\u00fchrungskr\u00e4fteentwicklung - j-p-management","isPartOf":{"@id":"https:\/\/wienerhomepages-projekte.at\/1\/j-p-management\/#website"},"primaryImageOfPage":{"@id":"https:\/\/wienerhomepages-projekte.at\/1\/j-p-management\/leistungsfelder\/fuehrungskraefteentwicklung\/#primaryimage"},"image":{"@id":"https:\/\/wienerhomepages-projekte.at\/1\/j-p-management\/leistungsfelder\/fuehrungskraefteentwicklung\/#primaryimage"},"thumbnailUrl":"https:\/\/wienerhomepages-projekte.at\/1\/j-p-management\/wp-content\/uploads\/images\/logos\/ac.jpg","datePublished":"2025-09-11T07:22:40+00:00","dateModified":"2025-09-15T08:25:01+00:00","description":"Projektmanagement - Abwicklung Ihrer Projekte unter Anwendung der Projektmanagementmethoden und -werkzeuge, Moderation von Projektstart-, Projektcontrolling-, Projektabschlussworkshops Coaching von Projektauftraggeberinnen und Projektauftraggebern, Projektleiterinnen und Projektleitern, Erstellung von Projektauftr\u00e4gen, Projektstrukturpl\u00e4nen, RASIC-Charts, Projektmeilensteinpl\u00e4nen, Projektablaufpl\u00e4nen, Projektumweltanalysen, Projektrisikoanalysen, Projektfortschrittsberichten, Projektabschlussberichten etc. Integration der automobilspezifischen Anforderungen in Ihr praktiziertes Projektmanagement, Design- und Prozess-FMEA, Design-Verification-Plan&Report (DVP&R), Controlplan \/ Produktionslenkungsplan (PLP), Produktionsprozess- und Produktfreigabe (PPF, PPAP), Run@Rate \/ Prozessserie etc. Einbettung und nachhaltige Verankerung der erforderlichen Einzel- und Multiprojektmanagementprozesse in Ihre Unternehmensorganisation, Prozesse wie Projektbeauftragung, Projektstart, Projektcontrolling, Projektmarketing, Projektabschluss, Projektevaluierung etc. Rollen wie Projektauftraggeberin \/ Projektauftraggeber, Projektleiterin \/ Projektleiter, Projektkernteammitglieder, Projektmitarbeiterin \/ Projektmitarbeiter, Lenkungsausschuss etc. Qualifizierung Ihrer F\u00fchrungskr\u00e4fte sowie Mitarbeiterinnen und Mitarbeiter Projektmanagement etc. In Kooperation mit dem Automobil-Cluster:Lehrgang \u201eProjektmanager Automotive\u201c","breadcrumb":{"@id":"https:\/\/wienerhomepages-projekte.at\/1\/j-p-management\/leistungsfelder\/fuehrungskraefteentwicklung\/#breadcrumb"},"inLanguage":"de","potentialAction":[{"@type":"ReadAction","target":["https:\/\/wienerhomepages-projekte.at\/1\/j-p-management\/leistungsfelder\/fuehrungskraefteentwicklung\/"]}]},{"@type":"ImageObject","inLanguage":"de","@id":"https:\/\/wienerhomepages-projekte.at\/1\/j-p-management\/leistungsfelder\/fuehrungskraefteentwicklung\/#primaryimage","url":"https:\/\/wienerhomepages-projekte.at\/1\/j-p-management\/wp-content\/uploads\/images\/logos\/ac.jpg","contentUrl":"https:\/\/wienerhomepages-projekte.at\/1\/j-p-management\/wp-content\/uploads\/images\/logos\/ac.jpg","width":150,"height":55},{"@type":"BreadcrumbList","@id":"https:\/\/wienerhomepages-projekte.at\/1\/j-p-management\/leistungsfelder\/fuehrungskraefteentwicklung\/#breadcrumb","itemListElement":[{"@type":"ListItem","position":1,"name":"Startseite","item":"https:\/\/wienerhomepages-projekte.at\/1\/j-p-management\/"},{"@type":"ListItem","position":2,"name":"Consulting, Coaching","item":"https:\/\/wienerhomepages-projekte.at\/1\/j-p-management\/leistungsfelder\/"},{"@type":"ListItem","position":3,"name":"F\u00fchrungskr\u00e4fteentwicklung"}]},{"@type":"WebSite","@id":"https:\/\/wienerhomepages-projekte.at\/1\/j-p-management\/#website","url":"https:\/\/wienerhomepages-projekte.at\/1\/j-p-management\/","name":"j-p-management","description":"","potentialAction":[{"@type":"SearchAction","target":{"@type":"EntryPoint","urlTemplate":"https:\/\/wienerhomepages-projekte.at\/1\/j-p-management\/?s={search_term_string}"},"query-input":{"@type":"PropertyValueSpecification","valueRequired":true,"valueName":"search_term_string"}}],"inLanguage":"de"}]}},"_links":{"self":[{"href":"https:\/\/wienerhomepages-projekte.at\/1\/j-p-management\/wp-json\/wp\/v2\/pages\/8837","targetHints":{"allow":["GET"]}}],"collection":[{"href":"https:\/\/wienerhomepages-projekte.at\/1\/j-p-management\/wp-json\/wp\/v2\/pages"}],"about":[{"href":"https:\/\/wienerhomepages-projekte.at\/1\/j-p-management\/wp-json\/wp\/v2\/types\/page"}],"author":[{"embeddable":true,"href":"https:\/\/wienerhomepages-projekte.at\/1\/j-p-management\/wp-json\/wp\/v2\/users\/2"}],"replies":[{"embeddable":true,"href":"https:\/\/wienerhomepages-projekte.at\/1\/j-p-management\/wp-json\/wp\/v2\/comments?post=8837"}],"version-history":[{"count":6,"href":"https:\/\/wienerhomepages-projekte.at\/1\/j-p-management\/wp-json\/wp\/v2\/pages\/8837\/revisions"}],"predecessor-version":[{"id":8850,"href":"https:\/\/wienerhomepages-projekte.at\/1\/j-p-management\/wp-json\/wp\/v2\/pages\/8837\/revisions\/8850"}],"up":[{"embeddable":true,"href":"https:\/\/wienerhomepages-projekte.at\/1\/j-p-management\/wp-json\/wp\/v2\/pages\/5119"}],"wp:attachment":[{"href":"https:\/\/wienerhomepages-projekte.at\/1\/j-p-management\/wp-json\/wp\/v2\/media?parent=8837"}],"curies":[{"name":"wp","href":"https:\/\/api.w.org\/{rel}","templated":true}]}}