{"id":8033,"date":"2023-03-03T09:05:30","date_gmt":"2023-03-03T08:05:30","guid":{"rendered":"https:\/\/www.j-p-management.com\/?page_id=8033"},"modified":"2023-04-13T09:32:16","modified_gmt":"2023-04-13T07:32:16","slug":"datenschutzerklaerung","status":"publish","type":"page","link":"https:\/\/wienerhomepages-projekte.at\/1\/j-p-management\/datenschutzerklaerung\/","title":{"rendered":"Datenschutzerkl\u00e4rung"},"content":{"rendered":"<div class=\"fusion-fullwidth fullwidth-box fusion-builder-row-1 fusion-flex-container nonhundred-percent-fullwidth non-hundred-percent-height-scrolling\" style=\"--awb-border-radius-top-left:0px;--awb-border-radius-top-right:0px;--awb-border-radius-bottom-right:0px;--awb-border-radius-bottom-left:0px;--awb-flex-wrap:wrap;\" ><div class=\"fusion-builder-row fusion-row fusion-flex-align-items-flex-start fusion-flex-content-wrap\" style=\"max-width:1216.8px;margin-left: calc(-4% \/ 2 );margin-right: calc(-4% \/ 2 );\"><div class=\"fusion-layout-column fusion_builder_column fusion-builder-column-0 fusion_builder_column_1_1 1_1 fusion-flex-column\" style=\"--awb-bg-size:cover;--awb-width-large:100%;--awb-margin-top-large:0px;--awb-spacing-right-large:1.92%;--awb-margin-bottom-large:20px;--awb-spacing-left-large:1.92%;--awb-width-medium:100%;--awb-order-medium:0;--awb-spacing-right-medium:1.92%;--awb-spacing-left-medium:1.92%;--awb-width-small:100%;--awb-order-small:0;--awb-spacing-right-small:1.92%;--awb-spacing-left-small:1.92%;\"><div class=\"fusion-column-wrapper fusion-column-has-shadow fusion-flex-justify-content-flex-start fusion-content-layout-column\"><div class=\"fusion-text fusion-text-1\"><p>Diese Datenschutzerkl\u00e4rung informiert \u00fcber die Verarbeitung Ihrer personenbezogenen Daten beim Besuch unserer Website (im Folgenden \u201ewir\u201c oder \u201euns\u201c).<\/p>\n<h3>Anwendungsbereich dieser\u00a0Datenschutzerkl\u00e4rung<\/h3>\n<p>Diese Datenschutzerkl\u00e4rung\u00a0gilt f\u00fcr die Nutzung der Website der Jung + Partner Management GmbH.<\/p>\n<h3>Verantwortlich f\u00fcr die Verarbeitung Ihrer personenbezogenen Daten<\/h3>\n<p>Sofern in dieser Datenschutzerkl\u00e4rung nicht explizit anders geregelt, ist f\u00fcr die Verarbeitung Ihrer personenbezogenen Daten datenschutzrechtlich verantwortlich:<\/p>\n<p>Jung + Partner Management GmbH<br \/>\nEuroparing F14 302<br \/>\n2345 Brunn am Gebirge<br \/>\n\u00d6sterreich<br \/>\nE-Mail: <a href=\"mailto:office@j-p-management.com\">office@j-p-management.com<\/a><\/p>\n<h3>Zwecke und Rechtsgrundlagen der Verarbeitung Ihrer personenbezogenen Daten<\/h3>\n<p>Wenn Sie unsere Website aufrufen, um sich \u00fcber unsere Services zu informieren oder uns anderweitig aktiv Informationen zu \u00fcbermitteln, verarbeiten wir Ihre personenbezogenen Daten zu folgenden Zwecken und auf Basis folgender Rechtsgrundlagen:<\/p>\n<h3>Bereitstellung der Website und IT-Sicherheit<\/h3>\n<p>Beim Besuch unserer Website verarbeiten wir Ihre personenbezogenen Daten, die f\u00fcr uns technisch erforderlich sind, um Ihnen unsere Webseite anzeigen zu k\u00f6nnen sowie die Stabilit\u00e4t und Sicherheit beim Besuch unserer Website zu gew\u00e4hrleisten. Hierzu verarbeiten wir folgende \u2013 unter Umst\u00e4nden \u2013 personenbezogene Daten:<\/p>\n<ul>\n<li>IP-Adresse<\/li>\n<li>Browsertyp und -version<\/li>\n<li>Betriebssystem und Plattform<\/li>\n<li>den kompletten Uniform Resource Locator (URL)<\/li>\n<\/ul>\n<p>Die genannten Daten werden zu Sicherheitszwecken in Server-Logfiles gespeichert, die nach 7 Tagen automatisch gel\u00f6scht werden.<\/p>\n<p>Diese Datenverarbeitung ist zur Bereitstellung unserer Website (<em>Rechtsgrundlage<\/em>: Art 6 Abs 1 lit b DSGVO) sowie zur Wahrung unseres berechtigten Interesses an der Gew\u00e4hrleistung der IT-Sicherheit erforderlich (Rechtsgrundlage: Art 6 Abs 1 lit f DSGVO).<\/p>\n<p>Wenn Sie unsere Website besuchen, verarbeiten wir auch \u2013 unter Umst\u00e4nden personenbezogene \u2013 Daten wie z.B. Ihre Spracheinstellung im Browser, um Ihnen automatisch eine lokalisierte, d.h. insbesondere eine an Ihre Sprache angepasste Version, unserer Webseite anzuzeigen. Diese Daten werden 1 Monat gespeichert.<\/p>\n<p>Diese Datenverarbeitung ist zur Wahrung unseres berechtigten Interesses an der automatisierten bedarfsgerechten Bereitstellung unserer Webseite erforderlich (<em>Rechtsgrundlage<\/em>: Art 6 Abs 1 lit f DSGVO).<\/p>\n<h3>Daten\u00fcbermittlung per E-Mail<\/h3>\n<p>Sie haben die M\u00f6glichkeit, per E-Mail mit uns Kontakt aufzunehmen. In diesem Fall werden die Daten verarbeitet, die Sie uns auf diese Weise mitteilen.<\/p>\n<p>Diese Datenverarbeitung ist f\u00fcr die Durchf\u00fchrung eines Vertrages mit Ihnen erforderlich und stellt eine vorvertragliche Ma\u00dfnahme dar (<em>Rechtsgrundlage<\/em>: Art 6 Abs 1 lit b DSGVO) oder dient der Beantwortung einer aus anderen Gr\u00fcnden durchgef\u00fchrten Kontaktanfrage, die wir aufgrund unseres berechtigten Interesses beantworten (<em>Rechtsgrundlage<\/em>: Art 6 Abs 1 lit f DSGVO).<\/p>\n<h3>Widerruf von Einwilligungen<\/h3>\n<p>Sofern Sie uns eine Einwilligung f\u00fcr die Verarbeitung ihrer personenbezogenen Daten erteilt haben, k\u00f6nnen Sie diese jederzeit widerrufen. Der Widerruf Ihrer Einwilligung wirkt f\u00fcr die Zukunft. Die Rechtm\u00e4\u00dfigkeit der Verarbeitung Ihrer personenbezogenen Daten bis zum Zeitpunkt des Widerrufs bleibt unber\u00fchrt.<\/p>\n<p>Richten Sie bitte Ihren Widerruf an <a href=\"mailto:office@j-p-management.com\">office@j-p-management.com<\/a><\/p>\n<p>Sofern Sie Ihre Einwilligung widerrufen, verarbeiten wir Ihre in diesem Zusammenhang erhobenen personenbezogenen Daten zur Beantwortung Ihrer Anfrage. Diese Datenverarbeitung ist zur Erf\u00fcllung einer rechtlichen Verpflichtung erforderlich (Art 6 Abs 1 lit c DSGVO).<\/p>\n<h3>Ihre weiteren Datenschutzrechte<\/h3>\n<p>Sie k\u00f6nnen nach Ma\u00dfgabe der DSGVO jederzeit von uns verlangen, dass wir<\/p>\n<ul>\n<li>Ihnen Auskunft \u00fcber die Sie betreffenden personenbezogenen Daten, die wir verarbeiten, erteilen (Art 15 DSGVO),<\/li>\n<li>personenbezogene Daten, die Sie betreffen und unrichtig sind, berichtigen (Art 16 DSGVO),<\/li>\n<li>Ihre bei uns gespeicherten personenbezogenen Daten l\u00f6schen (Art 17 DSGVO), sperren (Art 18 DSGVO) und\/oder herausgeben\/\u00fcbertragen (Art 20 DSGVO).<\/li>\n<\/ul>\n<p>Richten Sie bitte Ihr betreffendes Begehren, zumindest unter Angabe Ihres Vor- und Nachnamens, per E-Mail an <a href=\"mailto:office@j-p-management.com\">office@j-p-management.com<\/a> oder schriftlich an Jung + Partner Management GmbH, Europaring F14 302, 2345 Brunn am Gebirge.<\/p>\n<p>Wenn Sie uns gegen\u00fcber Ihre Rechte geltend machen, verarbeiten wir Ihre in diesem Zusammenhang erhobenen personenbezogenen Daten zur Beantwortung Ihrer Anfrage. Diese Datenverarbeitung ist zur Erf\u00fcllung einer rechtlichen Verpflichtung erforderlich (Art 6 Abs 1lit c DSGVO).<\/p>\n<p>Unbeschadet Ihrer soeben beschrieben Rechte uns gegen\u00fcber, k\u00f6nnen Sie sich bei der zust\u00e4ndigen Aufsichtsbeh\u00f6rde f\u00fcr Datenschutz beschweren, wenn Sie der Ansicht sind, dass die Verarbeitung der Sie betreffenden personenbezogenen Daten durch uns gegen die DSGVO verst\u00f6\u00dft (Art 77 DSGVO). In \u00d6sterreich ist dies die Datenschutzbeh\u00f6rde.<\/p>\n<p>Stand: 01.03.2023<\/p>\n<\/div><\/div><\/div><\/div><\/div>\n","protected":false},"excerpt":{"rendered":"","protected":false},"author":6,"featured_media":0,"parent":0,"menu_order":0,"comment_status":"closed","ping_status":"closed","template":"","meta":{"footnotes":""},"class_list":["post-8033","page","type-page","status-publish","hentry"],"yoast_head":"<!-- This site is optimized with the Yoast SEO plugin v27.2 - https:\/\/yoast.com\/product\/yoast-seo-wordpress\/ -->\n<title>Datenschutzerkl\u00e4rung - j-p-management<\/title>\n<meta name=\"robots\" content=\"noindex, follow, max-snippet:-1, max-image-preview:large, max-video-preview:-1\" \/>\n<meta property=\"og:locale\" content=\"de_DE\" \/>\n<meta property=\"og:type\" content=\"article\" \/>\n<meta property=\"og:title\" content=\"Datenschutzerkl\u00e4rung - j-p-management\" \/>\n<meta property=\"og:url\" content=\"https:\/\/wienerhomepages-projekte.at\/1\/j-p-management\/datenschutzerklaerung\/\" \/>\n<meta property=\"og:site_name\" content=\"j-p-management\" \/>\n<meta property=\"article:modified_time\" content=\"2023-04-13T07:32:16+00:00\" \/>\n<meta name=\"twitter:card\" content=\"summary_large_image\" \/>\n<meta name=\"twitter:label1\" content=\"Gesch\u00e4tzte Lesezeit\" \/>\n\t<meta name=\"twitter:data1\" content=\"5\u00a0Minuten\" \/>\n<script type=\"application\/ld+json\" class=\"yoast-schema-graph\">{\"@context\":\"https:\/\/schema.org\",\"@graph\":[{\"@type\":\"WebPage\",\"@id\":\"https:\/\/wienerhomepages-projekte.at\/1\/j-p-management\/datenschutzerklaerung\/\",\"url\":\"https:\/\/wienerhomepages-projekte.at\/1\/j-p-management\/datenschutzerklaerung\/\",\"name\":\"Datenschutzerkl\u00e4rung - j-p-management\",\"isPartOf\":{\"@id\":\"https:\/\/wienerhomepages-projekte.at\/1\/j-p-management\/#website\"},\"datePublished\":\"2023-03-03T08:05:30+00:00\",\"dateModified\":\"2023-04-13T07:32:16+00:00\",\"breadcrumb\":{\"@id\":\"https:\/\/wienerhomepages-projekte.at\/1\/j-p-management\/datenschutzerklaerung\/#breadcrumb\"},\"inLanguage\":\"de\",\"potentialAction\":[{\"@type\":\"ReadAction\",\"target\":[\"https:\/\/wienerhomepages-projekte.at\/1\/j-p-management\/datenschutzerklaerung\/\"]}]},{\"@type\":\"BreadcrumbList\",\"@id\":\"https:\/\/wienerhomepages-projekte.at\/1\/j-p-management\/datenschutzerklaerung\/#breadcrumb\",\"itemListElement\":[{\"@type\":\"ListItem\",\"position\":1,\"name\":\"Startseite\",\"item\":\"https:\/\/wienerhomepages-projekte.at\/1\/j-p-management\/\"},{\"@type\":\"ListItem\",\"position\":2,\"name\":\"Datenschutzerkl\u00e4rung\"}]},{\"@type\":\"WebSite\",\"@id\":\"https:\/\/wienerhomepages-projekte.at\/1\/j-p-management\/#website\",\"url\":\"https:\/\/wienerhomepages-projekte.at\/1\/j-p-management\/\",\"name\":\"j-p-management\",\"description\":\"\",\"potentialAction\":[{\"@type\":\"SearchAction\",\"target\":{\"@type\":\"EntryPoint\",\"urlTemplate\":\"https:\/\/wienerhomepages-projekte.at\/1\/j-p-management\/?s={search_term_string}\"},\"query-input\":{\"@type\":\"PropertyValueSpecification\",\"valueRequired\":true,\"valueName\":\"search_term_string\"}}],\"inLanguage\":\"de\"}]}<\/script>\n<!-- \/ Yoast SEO plugin. -->","yoast_head_json":{"title":"Datenschutzerkl\u00e4rung - j-p-management","robots":{"index":"noindex","follow":"follow","max-snippet":"max-snippet:-1","max-image-preview":"max-image-preview:large","max-video-preview":"max-video-preview:-1"},"og_locale":"de_DE","og_type":"article","og_title":"Datenschutzerkl\u00e4rung - j-p-management","og_url":"https:\/\/wienerhomepages-projekte.at\/1\/j-p-management\/datenschutzerklaerung\/","og_site_name":"j-p-management","article_modified_time":"2023-04-13T07:32:16+00:00","twitter_card":"summary_large_image","twitter_misc":{"Gesch\u00e4tzte Lesezeit":"5\u00a0Minuten"},"schema":{"@context":"https:\/\/schema.org","@graph":[{"@type":"WebPage","@id":"https:\/\/wienerhomepages-projekte.at\/1\/j-p-management\/datenschutzerklaerung\/","url":"https:\/\/wienerhomepages-projekte.at\/1\/j-p-management\/datenschutzerklaerung\/","name":"Datenschutzerkl\u00e4rung - j-p-management","isPartOf":{"@id":"https:\/\/wienerhomepages-projekte.at\/1\/j-p-management\/#website"},"datePublished":"2023-03-03T08:05:30+00:00","dateModified":"2023-04-13T07:32:16+00:00","breadcrumb":{"@id":"https:\/\/wienerhomepages-projekte.at\/1\/j-p-management\/datenschutzerklaerung\/#breadcrumb"},"inLanguage":"de","potentialAction":[{"@type":"ReadAction","target":["https:\/\/wienerhomepages-projekte.at\/1\/j-p-management\/datenschutzerklaerung\/"]}]},{"@type":"BreadcrumbList","@id":"https:\/\/wienerhomepages-projekte.at\/1\/j-p-management\/datenschutzerklaerung\/#breadcrumb","itemListElement":[{"@type":"ListItem","position":1,"name":"Startseite","item":"https:\/\/wienerhomepages-projekte.at\/1\/j-p-management\/"},{"@type":"ListItem","position":2,"name":"Datenschutzerkl\u00e4rung"}]},{"@type":"WebSite","@id":"https:\/\/wienerhomepages-projekte.at\/1\/j-p-management\/#website","url":"https:\/\/wienerhomepages-projekte.at\/1\/j-p-management\/","name":"j-p-management","description":"","potentialAction":[{"@type":"SearchAction","target":{"@type":"EntryPoint","urlTemplate":"https:\/\/wienerhomepages-projekte.at\/1\/j-p-management\/?s={search_term_string}"},"query-input":{"@type":"PropertyValueSpecification","valueRequired":true,"valueName":"search_term_string"}}],"inLanguage":"de"}]}},"_links":{"self":[{"href":"https:\/\/wienerhomepages-projekte.at\/1\/j-p-management\/wp-json\/wp\/v2\/pages\/8033","targetHints":{"allow":["GET"]}}],"collection":[{"href":"https:\/\/wienerhomepages-projekte.at\/1\/j-p-management\/wp-json\/wp\/v2\/pages"}],"about":[{"href":"https:\/\/wienerhomepages-projekte.at\/1\/j-p-management\/wp-json\/wp\/v2\/types\/page"}],"author":[{"embeddable":true,"href":"https:\/\/wienerhomepages-projekte.at\/1\/j-p-management\/wp-json\/wp\/v2\/users\/6"}],"replies":[{"embeddable":true,"href":"https:\/\/wienerhomepages-projekte.at\/1\/j-p-management\/wp-json\/wp\/v2\/comments?post=8033"}],"version-history":[{"count":7,"href":"https:\/\/wienerhomepages-projekte.at\/1\/j-p-management\/wp-json\/wp\/v2\/pages\/8033\/revisions"}],"predecessor-version":[{"id":8073,"href":"https:\/\/wienerhomepages-projekte.at\/1\/j-p-management\/wp-json\/wp\/v2\/pages\/8033\/revisions\/8073"}],"wp:attachment":[{"href":"https:\/\/wienerhomepages-projekte.at\/1\/j-p-management\/wp-json\/wp\/v2\/media?parent=8033"}],"curies":[{"name":"wp","href":"https:\/\/api.w.org\/{rel}","templated":true}]}}