{"id":6065,"date":"2022-08-16T14:43:14","date_gmt":"2022-08-16T12:43:14","guid":{"rendered":"https:\/\/wienerhomepages-projekte.at\/1\/j-p-management\/?page_id=6065"},"modified":"2025-12-04T14:05:57","modified_gmt":"2025-12-04T13:05:57","slug":"lehrgang-expert-in-lean-production","status":"publish","type":"page","link":"https:\/\/wienerhomepages-projekte.at\/1\/j-p-management\/akademie\/zertifizierte-lehrgaenge\/lehrgaenge-lean-production\/lehrgang-expert-in-lean-production\/","title":{"rendered":"Lehrgang \u201eExpert in Lean Production\u201c"},"content":{"rendered":"<div class=\"fusion-fullwidth fullwidth-box fusion-builder-row-1 fusion-flex-container nonhundred-percent-fullwidth non-hundred-percent-height-scrolling\" style=\"--awb-border-radius-top-left:0px;--awb-border-radius-top-right:0px;--awb-border-radius-bottom-right:0px;--awb-border-radius-bottom-left:0px;--awb-flex-wrap:wrap;\" ><div class=\"fusion-builder-row fusion-row fusion-flex-align-items-flex-start fusion-flex-content-wrap\" style=\"max-width:1216.8px;margin-left: calc(-4% \/ 2 );margin-right: calc(-4% \/ 2 );\"><div class=\"fusion-layout-column fusion_builder_column fusion-builder-column-0 fusion_builder_column_1_1 1_1 fusion-flex-column\" style=\"--awb-bg-size:cover;--awb-width-large:100%;--awb-margin-top-large:0px;--awb-spacing-right-large:1.92%;--awb-margin-bottom-large:20px;--awb-spacing-left-large:1.92%;--awb-width-medium:100%;--awb-order-medium:0;--awb-spacing-right-medium:1.92%;--awb-spacing-left-medium:1.92%;--awb-width-small:100%;--awb-order-small:0;--awb-spacing-right-small:1.92%;--awb-spacing-left-small:1.92%;\"><div class=\"fusion-column-wrapper fusion-column-has-shadow fusion-flex-justify-content-flex-start fusion-content-layout-column\"><div class=\"fusion-text fusion-text-1\"><p><img decoding=\"async\" class=\"lazyload rahmen alignright wp-image-8584 size-fusion-200\" src=\"https:\/\/wienerhomepages-projekte.at\/1\/j-p-management\/wp-content\/uploads\/images\/cover\/expert-in-lean-production-2025-200x283.jpg\" data-orig-src=\"https:\/\/wienerhomepages-projekte.at\/1\/j-p-management\/wp-content\/uploads\/images\/cover\/expert-in-lean-production-2025-200x283.jpg\" alt=\"\" width=\"200\" height=\"283\" srcset=\"data:image\/svg+xml,%3Csvg%20xmlns%3D%27http%3A%2F%2Fwww.w3.org%2F2000%2Fsvg%27%20width%3D%27200%27%20height%3D%27283%27%20viewBox%3D%270%200%20200%20283%27%3E%3Crect%20width%3D%27200%27%20height%3D%27283%27%20fill-opacity%3D%220%22%2F%3E%3C%2Fsvg%3E\" data-srcset=\"https:\/\/wienerhomepages-projekte.at\/1\/j-p-management\/wp-content\/uploads\/images\/cover\/expert-in-lean-production-2025-200x283.jpg 200w, https:\/\/wienerhomepages-projekte.at\/1\/j-p-management\/wp-content\/uploads\/images\/cover\/expert-in-lean-production-2025-212x300.jpg 212w, https:\/\/wienerhomepages-projekte.at\/1\/j-p-management\/wp-content\/uploads\/images\/cover\/expert-in-lean-production-2025.jpg 300w\" data-sizes=\"auto\" data-orig-sizes=\"(max-width: 200px) 100vw, 200px\" \/>In vielen F\u00e4llen werden Mitarbeiterinnen und Mitarbeiter mit hoher fachlicher Kompetenz z.B. zu Teamleiterinnen, Meistern oder Abteilungsleiterinnen bef\u00f6rdert. Auf die mit diesen Rollen in Zusammenhang stehenden F\u00fchrungs-, Organisations- und Optimierungsaufgaben werden sie vielfach nicht ausreichend vorbereitet.<\/p>\n<p>Um diesen Anforderungen Rechnung zu tragen, bietet <a href=\"https:\/\/netforfuture.at\/\">net for future<\/a> in Kooperation mit StEP-Up den Lehrgang &#8222;Expert in Lean Production&#8220; an.<\/p>\n<h2>Ziel<\/h2>\n<p>Der Lehrgang \u00bbExpert in Lean Production\u00ab unterst\u00fctzt Sie bei der Entwicklung der Methoden- und F\u00fchrungskompetenzen f\u00fcr Ihre Rolle als operative F\u00fchrungskraft. Sie erwerben die Kompetenzen, die Sie brauchen, um \u201everschwendungsfreie\u201c Prozesse nachhaltig zu verankern. Au\u00dferdem kennen Sie M\u00f6glichkeiten zur Optimierung von Prozessen durch den Einsatz von Industrie 4.0-L\u00f6sungen. Sie erfahren, wie Sie die Wirtschaftlichkeit erh\u00f6hen und dabei gleichzeitig ein sicheres und motivierendes Arbeitsumfeld f\u00fcr Mitarbeiterinnen und Mitarbeiter schaffen.<\/p>\n<h2>Aufbau<\/h2>\n<p>Der Lehrgang besteht aus drei Modulen:<\/p>\n<ul>\n<li>Lean Production &#8211; die wesentlichen Elemente und deren Zusammenspiel<\/li>\n<li>Werkzeuge zur Produkt- und Prozessoptimierung<\/li>\n<li>F\u00fchrungswerkzeuge f\u00fcr operative F\u00fchrungskr\u00e4fte<\/li>\n<\/ul>\n<p>Jedes Modul besteht aus drei Trainingseinheiten zu je zwei Tagen, drei Praxisarbeiten und einer Pr\u00fcfung.<\/p>\n<p>In Trainingseinheiten werden Methoden praxisnah vermittelt und deren Anwendung wird ge\u00fcbt. Abgestimmt auf diese Trainingseinheiten wenden Sie die Methoden in Ihrem Unternehmen praktisch an. Jedes Modul schlie\u00dft mit einer Pr\u00fcfung und einem (Modul-)Zertifikat ab. Bei positivem Abschluss aller drei Module erhalten Sie das Zertifikat &#8222;Expert in Lean Production&#8220;.<\/p>\n<p>Da die Module in sich abgeschlossene Einheiten sind, k\u00f6nnen sie auch einzeln gebucht werden.<\/p>\n<h2>Zielgruppe<\/h2>\n<p>Operative F\u00fchrungskr\u00e4fte wie Gruppenleiter, Teamleiterinnen, Abteilungsleiter, Schichtleiterinnen oder Meister<\/p>\n<h2>Weitere Informationen<\/h2>\n<p>Weitere Informationen zum Lehrgang sowie Termine entnehmen Sie bitte dem <a href=\"https:\/\/wienerhomepages-projekte.at\/1\/j-p-management\/wp-content\/uploads\/folder\/expert_in_lean_production_2026_2.pdf\">Lehrgangsfolder<\/a>. Weitere Informationen sowie ein Online-Anmeldeformular finden Sie auf der <a href=\"https:\/\/netforfuture.at\/skill\/expert-in-lean-production\/\">Lehrgangsseite<\/a>.<\/p>\n<\/div><\/div><\/div><\/div><\/div>\n","protected":false},"excerpt":{"rendered":"","protected":false},"author":2,"featured_media":0,"parent":6300,"menu_order":0,"comment_status":"closed","ping_status":"closed","template":"","meta":{"footnotes":""},"class_list":["post-6065","page","type-page","status-publish","hentry"],"yoast_head":"<!-- This site is optimized with the Yoast SEO plugin v27.2 - https:\/\/yoast.com\/product\/yoast-seo-wordpress\/ -->\n<title>Lehrgang \u201eExpert in Lean Production\u201c - j-p-management<\/title>\n<meta name=\"robots\" content=\"noindex, follow, max-snippet:-1, max-image-preview:large, max-video-preview:-1\" \/>\n<meta property=\"og:locale\" content=\"de_DE\" \/>\n<meta property=\"og:type\" content=\"article\" \/>\n<meta property=\"og:title\" content=\"Lehrgang \u201eExpert in Lean Production\u201c - j-p-management\" \/>\n<meta property=\"og:url\" content=\"https:\/\/wienerhomepages-projekte.at\/1\/j-p-management\/akademie\/zertifizierte-lehrgaenge\/lehrgaenge-lean-production\/lehrgang-expert-in-lean-production\/\" \/>\n<meta property=\"og:site_name\" content=\"j-p-management\" \/>\n<meta property=\"article:modified_time\" content=\"2025-12-04T13:05:57+00:00\" \/>\n<meta property=\"og:image\" content=\"https:\/\/wienerhomepages-projekte.at\/1\/j-p-management\/wp-content\/uploads\/images\/cover\/expert-in-lean-production-2025.jpg\" \/>\n\t<meta property=\"og:image:width\" content=\"300\" \/>\n\t<meta property=\"og:image:height\" content=\"425\" \/>\n\t<meta property=\"og:image:type\" content=\"image\/jpeg\" \/>\n<meta name=\"twitter:card\" content=\"summary_large_image\" \/>\n<meta name=\"twitter:label1\" content=\"Gesch\u00e4tzte Lesezeit\" \/>\n\t<meta name=\"twitter:data1\" content=\"2\u00a0Minuten\" \/>\n<script type=\"application\/ld+json\" class=\"yoast-schema-graph\">{\"@context\":\"https:\/\/schema.org\",\"@graph\":[{\"@type\":\"WebPage\",\"@id\":\"https:\/\/wienerhomepages-projekte.at\/1\/j-p-management\/akademie\/zertifizierte-lehrgaenge\/lehrgaenge-lean-production\/lehrgang-expert-in-lean-production\/\",\"url\":\"https:\/\/wienerhomepages-projekte.at\/1\/j-p-management\/akademie\/zertifizierte-lehrgaenge\/lehrgaenge-lean-production\/lehrgang-expert-in-lean-production\/\",\"name\":\"Lehrgang \u201eExpert in Lean Production\u201c - j-p-management\",\"isPartOf\":{\"@id\":\"https:\/\/wienerhomepages-projekte.at\/1\/j-p-management\/#website\"},\"primaryImageOfPage\":{\"@id\":\"https:\/\/wienerhomepages-projekte.at\/1\/j-p-management\/akademie\/zertifizierte-lehrgaenge\/lehrgaenge-lean-production\/lehrgang-expert-in-lean-production\/#primaryimage\"},\"image\":{\"@id\":\"https:\/\/wienerhomepages-projekte.at\/1\/j-p-management\/akademie\/zertifizierte-lehrgaenge\/lehrgaenge-lean-production\/lehrgang-expert-in-lean-production\/#primaryimage\"},\"thumbnailUrl\":\"https:\/\/wienerhomepages-projekte.at\/1\/j-p-management\/wp-content\/uploads\/images\/cover\/expert-in-lean-production-2025-200x283.jpg\",\"datePublished\":\"2022-08-16T12:43:14+00:00\",\"dateModified\":\"2025-12-04T13:05:57+00:00\",\"breadcrumb\":{\"@id\":\"https:\/\/wienerhomepages-projekte.at\/1\/j-p-management\/akademie\/zertifizierte-lehrgaenge\/lehrgaenge-lean-production\/lehrgang-expert-in-lean-production\/#breadcrumb\"},\"inLanguage\":\"de\",\"potentialAction\":[{\"@type\":\"ReadAction\",\"target\":[\"https:\/\/wienerhomepages-projekte.at\/1\/j-p-management\/akademie\/zertifizierte-lehrgaenge\/lehrgaenge-lean-production\/lehrgang-expert-in-lean-production\/\"]}]},{\"@type\":\"ImageObject\",\"inLanguage\":\"de\",\"@id\":\"https:\/\/wienerhomepages-projekte.at\/1\/j-p-management\/akademie\/zertifizierte-lehrgaenge\/lehrgaenge-lean-production\/lehrgang-expert-in-lean-production\/#primaryimage\",\"url\":\"https:\/\/wienerhomepages-projekte.at\/1\/j-p-management\/wp-content\/uploads\/images\/cover\/expert-in-lean-production-2025.jpg\",\"contentUrl\":\"https:\/\/wienerhomepages-projekte.at\/1\/j-p-management\/wp-content\/uploads\/images\/cover\/expert-in-lean-production-2025.jpg\",\"width\":300,\"height\":425},{\"@type\":\"BreadcrumbList\",\"@id\":\"https:\/\/wienerhomepages-projekte.at\/1\/j-p-management\/akademie\/zertifizierte-lehrgaenge\/lehrgaenge-lean-production\/lehrgang-expert-in-lean-production\/#breadcrumb\",\"itemListElement\":[{\"@type\":\"ListItem\",\"position\":1,\"name\":\"Startseite\",\"item\":\"https:\/\/wienerhomepages-projekte.at\/1\/j-p-management\/\"},{\"@type\":\"ListItem\",\"position\":2,\"name\":\"Akademie\",\"item\":\"https:\/\/wienerhomepages-projekte.at\/1\/j-p-management\/akademie\/\"},{\"@type\":\"ListItem\",\"position\":3,\"name\":\"Zertifizierte Lehrg\u00e4nge\",\"item\":\"https:\/\/wienerhomepages-projekte.at\/1\/j-p-management\/akademie\/zertifizierte-lehrgaenge\/\"},{\"@type\":\"ListItem\",\"position\":4,\"name\":\"Lean Production\",\"item\":\"https:\/\/wienerhomepages-projekte.at\/1\/j-p-management\/akademie\/zertifizierte-lehrgaenge\/lehrgaenge-lean-production\/\"},{\"@type\":\"ListItem\",\"position\":5,\"name\":\"Lehrgang \u201eExpert in Lean Production\u201c\"}]},{\"@type\":\"WebSite\",\"@id\":\"https:\/\/wienerhomepages-projekte.at\/1\/j-p-management\/#website\",\"url\":\"https:\/\/wienerhomepages-projekte.at\/1\/j-p-management\/\",\"name\":\"j-p-management\",\"description\":\"\",\"potentialAction\":[{\"@type\":\"SearchAction\",\"target\":{\"@type\":\"EntryPoint\",\"urlTemplate\":\"https:\/\/wienerhomepages-projekte.at\/1\/j-p-management\/?s={search_term_string}\"},\"query-input\":{\"@type\":\"PropertyValueSpecification\",\"valueRequired\":true,\"valueName\":\"search_term_string\"}}],\"inLanguage\":\"de\"}]}<\/script>\n<!-- \/ Yoast SEO plugin. -->","yoast_head_json":{"title":"Lehrgang \u201eExpert in Lean Production\u201c - j-p-management","robots":{"index":"noindex","follow":"follow","max-snippet":"max-snippet:-1","max-image-preview":"max-image-preview:large","max-video-preview":"max-video-preview:-1"},"og_locale":"de_DE","og_type":"article","og_title":"Lehrgang \u201eExpert in Lean Production\u201c - j-p-management","og_url":"https:\/\/wienerhomepages-projekte.at\/1\/j-p-management\/akademie\/zertifizierte-lehrgaenge\/lehrgaenge-lean-production\/lehrgang-expert-in-lean-production\/","og_site_name":"j-p-management","article_modified_time":"2025-12-04T13:05:57+00:00","og_image":[{"width":300,"height":425,"url":"https:\/\/wienerhomepages-projekte.at\/1\/j-p-management\/wp-content\/uploads\/images\/cover\/expert-in-lean-production-2025.jpg","type":"image\/jpeg"}],"twitter_card":"summary_large_image","twitter_misc":{"Gesch\u00e4tzte Lesezeit":"2\u00a0Minuten"},"schema":{"@context":"https:\/\/schema.org","@graph":[{"@type":"WebPage","@id":"https:\/\/wienerhomepages-projekte.at\/1\/j-p-management\/akademie\/zertifizierte-lehrgaenge\/lehrgaenge-lean-production\/lehrgang-expert-in-lean-production\/","url":"https:\/\/wienerhomepages-projekte.at\/1\/j-p-management\/akademie\/zertifizierte-lehrgaenge\/lehrgaenge-lean-production\/lehrgang-expert-in-lean-production\/","name":"Lehrgang \u201eExpert in Lean Production\u201c - j-p-management","isPartOf":{"@id":"https:\/\/wienerhomepages-projekte.at\/1\/j-p-management\/#website"},"primaryImageOfPage":{"@id":"https:\/\/wienerhomepages-projekte.at\/1\/j-p-management\/akademie\/zertifizierte-lehrgaenge\/lehrgaenge-lean-production\/lehrgang-expert-in-lean-production\/#primaryimage"},"image":{"@id":"https:\/\/wienerhomepages-projekte.at\/1\/j-p-management\/akademie\/zertifizierte-lehrgaenge\/lehrgaenge-lean-production\/lehrgang-expert-in-lean-production\/#primaryimage"},"thumbnailUrl":"https:\/\/wienerhomepages-projekte.at\/1\/j-p-management\/wp-content\/uploads\/images\/cover\/expert-in-lean-production-2025-200x283.jpg","datePublished":"2022-08-16T12:43:14+00:00","dateModified":"2025-12-04T13:05:57+00:00","breadcrumb":{"@id":"https:\/\/wienerhomepages-projekte.at\/1\/j-p-management\/akademie\/zertifizierte-lehrgaenge\/lehrgaenge-lean-production\/lehrgang-expert-in-lean-production\/#breadcrumb"},"inLanguage":"de","potentialAction":[{"@type":"ReadAction","target":["https:\/\/wienerhomepages-projekte.at\/1\/j-p-management\/akademie\/zertifizierte-lehrgaenge\/lehrgaenge-lean-production\/lehrgang-expert-in-lean-production\/"]}]},{"@type":"ImageObject","inLanguage":"de","@id":"https:\/\/wienerhomepages-projekte.at\/1\/j-p-management\/akademie\/zertifizierte-lehrgaenge\/lehrgaenge-lean-production\/lehrgang-expert-in-lean-production\/#primaryimage","url":"https:\/\/wienerhomepages-projekte.at\/1\/j-p-management\/wp-content\/uploads\/images\/cover\/expert-in-lean-production-2025.jpg","contentUrl":"https:\/\/wienerhomepages-projekte.at\/1\/j-p-management\/wp-content\/uploads\/images\/cover\/expert-in-lean-production-2025.jpg","width":300,"height":425},{"@type":"BreadcrumbList","@id":"https:\/\/wienerhomepages-projekte.at\/1\/j-p-management\/akademie\/zertifizierte-lehrgaenge\/lehrgaenge-lean-production\/lehrgang-expert-in-lean-production\/#breadcrumb","itemListElement":[{"@type":"ListItem","position":1,"name":"Startseite","item":"https:\/\/wienerhomepages-projekte.at\/1\/j-p-management\/"},{"@type":"ListItem","position":2,"name":"Akademie","item":"https:\/\/wienerhomepages-projekte.at\/1\/j-p-management\/akademie\/"},{"@type":"ListItem","position":3,"name":"Zertifizierte Lehrg\u00e4nge","item":"https:\/\/wienerhomepages-projekte.at\/1\/j-p-management\/akademie\/zertifizierte-lehrgaenge\/"},{"@type":"ListItem","position":4,"name":"Lean Production","item":"https:\/\/wienerhomepages-projekte.at\/1\/j-p-management\/akademie\/zertifizierte-lehrgaenge\/lehrgaenge-lean-production\/"},{"@type":"ListItem","position":5,"name":"Lehrgang \u201eExpert in Lean Production\u201c"}]},{"@type":"WebSite","@id":"https:\/\/wienerhomepages-projekte.at\/1\/j-p-management\/#website","url":"https:\/\/wienerhomepages-projekte.at\/1\/j-p-management\/","name":"j-p-management","description":"","potentialAction":[{"@type":"SearchAction","target":{"@type":"EntryPoint","urlTemplate":"https:\/\/wienerhomepages-projekte.at\/1\/j-p-management\/?s={search_term_string}"},"query-input":{"@type":"PropertyValueSpecification","valueRequired":true,"valueName":"search_term_string"}}],"inLanguage":"de"}]}},"_links":{"self":[{"href":"https:\/\/wienerhomepages-projekte.at\/1\/j-p-management\/wp-json\/wp\/v2\/pages\/6065","targetHints":{"allow":["GET"]}}],"collection":[{"href":"https:\/\/wienerhomepages-projekte.at\/1\/j-p-management\/wp-json\/wp\/v2\/pages"}],"about":[{"href":"https:\/\/wienerhomepages-projekte.at\/1\/j-p-management\/wp-json\/wp\/v2\/types\/page"}],"author":[{"embeddable":true,"href":"https:\/\/wienerhomepages-projekte.at\/1\/j-p-management\/wp-json\/wp\/v2\/users\/2"}],"replies":[{"embeddable":true,"href":"https:\/\/wienerhomepages-projekte.at\/1\/j-p-management\/wp-json\/wp\/v2\/comments?post=6065"}],"version-history":[{"count":15,"href":"https:\/\/wienerhomepages-projekte.at\/1\/j-p-management\/wp-json\/wp\/v2\/pages\/6065\/revisions"}],"predecessor-version":[{"id":8872,"href":"https:\/\/wienerhomepages-projekte.at\/1\/j-p-management\/wp-json\/wp\/v2\/pages\/6065\/revisions\/8872"}],"up":[{"embeddable":true,"href":"https:\/\/wienerhomepages-projekte.at\/1\/j-p-management\/wp-json\/wp\/v2\/pages\/6300"}],"wp:attachment":[{"href":"https:\/\/wienerhomepages-projekte.at\/1\/j-p-management\/wp-json\/wp\/v2\/media?parent=6065"}],"curies":[{"name":"wp","href":"https:\/\/api.w.org\/{rel}","templated":true}]}}