{"id":5198,"date":"2022-04-13T09:42:35","date_gmt":"2022-04-13T07:42:35","guid":{"rendered":"https:\/\/wienerhomepages-projekte.at\/1\/j-p-management\/?page_id=5198"},"modified":"2025-07-31T13:16:22","modified_gmt":"2025-07-31T11:16:22","slug":"jung-partner-management-gmbh-step-up","status":"publish","type":"page","link":"https:\/\/wienerhomepages-projekte.at\/1\/j-p-management\/unternehmen\/jung-partner-management-gmbh-step-up\/","title":{"rendered":"Jung + Partner Management GmbH &#038; StEP-Up"},"content":{"rendered":"<div class=\"fusion-fullwidth fullwidth-box fusion-builder-row-1 fusion-flex-container nonhundred-percent-fullwidth non-hundred-percent-height-scrolling\" style=\"--awb-border-radius-top-left:0px;--awb-border-radius-top-right:0px;--awb-border-radius-bottom-right:0px;--awb-border-radius-bottom-left:0px;--awb-flex-wrap:wrap;\" ><div class=\"fusion-builder-row fusion-row fusion-flex-align-items-flex-start fusion-flex-content-wrap\" style=\"max-width:1216.8px;margin-left: calc(-4% \/ 2 );margin-right: calc(-4% \/ 2 );\"><div class=\"fusion-layout-column fusion_builder_column fusion-builder-column-0 fusion_builder_column_1_1 1_1 fusion-flex-column\" style=\"--awb-bg-size:cover;--awb-width-large:100%;--awb-margin-top-large:0px;--awb-spacing-right-large:1.92%;--awb-margin-bottom-large:20px;--awb-spacing-left-large:1.92%;--awb-width-medium:100%;--awb-order-medium:0;--awb-spacing-right-medium:1.92%;--awb-spacing-left-medium:1.92%;--awb-width-small:100%;--awb-order-small:0;--awb-spacing-right-small:1.92%;--awb-spacing-left-small:1.92%;\"><div class=\"fusion-column-wrapper fusion-column-has-shadow fusion-flex-justify-content-flex-start fusion-content-layout-column\"><div class=\"fusion-text fusion-text-1\"><p><img decoding=\"async\" class=\"lazyload size-full wp-image-5364 alignright\" src=\"data:image\/svg+xml,%3Csvg%20xmlns%3D%27http%3A%2F%2Fwww.w3.org%2F2000%2Fsvg%27%20width%3D%27150%27%20height%3D%2729%27%20viewBox%3D%270%200%20150%2029%27%3E%3Crect%20width%3D%27150%27%20height%3D%2729%27%20fill-opacity%3D%220%22%2F%3E%3C%2Fsvg%3E\" data-orig-src=\"https:\/\/wienerhomepages-projekte.at\/1\/j-p-management\/wp-content\/uploads\/images\/logos\/step-up.jpg\" alt=\"\" width=\"150\" height=\"29\" \/>Jung + Partner Management GmbH und\u00a0<a href=\"https:\/\/www.step-up.at\/\">StEP-Up<\/a>\u00a0sind eng miteinander verbundene Organisationen, die mit viel Engagement und auch ehrenamtlicher Arbeit das gemeinsame Ziel verfolgen, die Wettbewerbsf\u00e4higkeit der in \u00d6sterreich produzierenden Unternehmen zu st\u00e4rken.<\/p>\n<p>Unter einer gemeinsamen F\u00fchrung sind wir bereits seit vielen Jahren verl\u00e4sslicher Anbieter von\u00a0<a href=\"https:\/\/wienerhomepages-projekte.at\/1\/j-p-management\/leistungsfelder\/\">Consulting-\/Coaching-Leistungen<\/a>\u00a0sowie von\u00a0<a href=\"https:\/\/wienerhomepages-projekte.at\/1\/j-p-management\/akademie\/trainings\/\">Trainings<\/a>\u00a0und\u00a0<a href=\"https:\/\/wienerhomepages-projekte.at\/1\/j-p-management\/akademie\/zertifizierte-lehrgaenge\/\">Lehrg\u00e4ngen<\/a>\u00a0zu den Themenfeldern &#8222;Qualit\u00e4tsverbesserung&#8220; und &#8222;Produktivit\u00e4tssteigerung&#8220;. Au\u00dferdem f\u00f6rdern wir den Erfahrungsaustausch zwischen Unternehmen \u00fcber\u00a0<a href=\"https:\/\/www.step-up.at\/best-practice\/best-practice-konferenzen\/\">Konferenzen<\/a>,\u00a0<a href=\"https:\/\/www.step-up.at\/best-practice\/lean-zirkel\/\">Lean Zirkel<\/a>\u00a0und\u00a0<a href=\"https:\/\/www.step-up.at\/best-practice\/kooperationsprojekte\/\">Kooperationsprojekte<\/a>.<\/p>\n<p>Gemeinsam st\u00e4rken wir so die Produktionsstandorte in \u00d6sterreich und bef\u00e4higen die Unternehmen, ihre erfolgsentscheidenden Prozesse kundenorientiert, robust und effizient zu gestalten und ihre Produktivit\u00e4t laufend zu verbessern.<\/p>\n<\/div><\/div><\/div><\/div><\/div>\n","protected":false},"excerpt":{"rendered":"","protected":false},"author":6,"featured_media":0,"parent":5118,"menu_order":0,"comment_status":"closed","ping_status":"closed","template":"","meta":{"footnotes":""},"class_list":["post-5198","page","type-page","status-publish","hentry"],"yoast_head":"<!-- This site is optimized with the Yoast SEO plugin v27.2 - https:\/\/yoast.com\/product\/yoast-seo-wordpress\/ -->\n<title>Jung + Partner Management GmbH &amp; StEP-Up - j-p-management<\/title>\n<meta name=\"description\" content=\"Jung + Partner Management GmbH &amp; StEP-Up - Jung + Partner Management GmbH und StEP-Up sind eng miteinander verbundene Organisationen, die mit viel Engagement und auch ehrenamtlicher Arbeit das gemeinsame Ziel verfolgen, die Wettbewerbsf\u00e4higkeit der in \u00d6sterreich produzierenden Unternehmen zu st\u00e4rken. Unter einer gemeinsamen F\u00fchrung sind wir bereits seit vielen Jahren verl\u00e4sslicher Anbieter von Consulting-\/Coaching-Leistungen sowie von Trainings und Lehrg\u00e4ngen zu den Themenfeldern \u201eQualit\u00e4tsverbesserung\u201c und \u201eProduktivit\u00e4tssteigerung\u201c. Au\u00dferdem f\u00f6rdern wir den Erfahrungsaustausch zwischen Unternehmen \u00fcber Konferenzen, Lean Zirkel und Kooperationsprojekte. Gemeinsam st\u00e4rken wir so die Produktionsstandorte in \u00d6sterreich und bef\u00e4higen die Unternehmen, ihre erfolgsentscheidenden Prozesse kundenorientiert, robust und effizient zu gestalten und ihre Produktivit\u00e4t laufend zu verbessern.\" \/>\n<meta name=\"robots\" content=\"noindex, follow, max-snippet:-1, max-image-preview:large, max-video-preview:-1\" \/>\n<meta property=\"og:locale\" content=\"de_DE\" \/>\n<meta property=\"og:type\" content=\"article\" \/>\n<meta property=\"og:title\" content=\"Jung + Partner Management GmbH &amp; StEP-Up - j-p-management\" \/>\n<meta property=\"og:description\" content=\"Jung + Partner Management GmbH &amp; StEP-Up - Jung + Partner Management GmbH und StEP-Up sind eng miteinander verbundene Organisationen, die mit viel Engagement und auch ehrenamtlicher Arbeit das gemeinsame Ziel verfolgen, die Wettbewerbsf\u00e4higkeit der in \u00d6sterreich produzierenden Unternehmen zu st\u00e4rken. Unter einer gemeinsamen F\u00fchrung sind wir bereits seit vielen Jahren verl\u00e4sslicher Anbieter von Consulting-\/Coaching-Leistungen sowie von Trainings und Lehrg\u00e4ngen zu den Themenfeldern \u201eQualit\u00e4tsverbesserung\u201c und \u201eProduktivit\u00e4tssteigerung\u201c. Au\u00dferdem f\u00f6rdern wir den Erfahrungsaustausch zwischen Unternehmen \u00fcber Konferenzen, Lean Zirkel und Kooperationsprojekte. Gemeinsam st\u00e4rken wir so die Produktionsstandorte in \u00d6sterreich und bef\u00e4higen die Unternehmen, ihre erfolgsentscheidenden Prozesse kundenorientiert, robust und effizient zu gestalten und ihre Produktivit\u00e4t laufend zu verbessern.\" \/>\n<meta property=\"og:url\" content=\"https:\/\/wienerhomepages-projekte.at\/1\/j-p-management\/unternehmen\/jung-partner-management-gmbh-step-up\/\" \/>\n<meta property=\"og:site_name\" content=\"j-p-management\" \/>\n<meta property=\"article:modified_time\" content=\"2025-07-31T11:16:22+00:00\" \/>\n<meta property=\"og:image\" content=\"https:\/\/wienerhomepages-projekte.at\/1\/j-p-management\/wp-content\/uploads\/images\/logos\/step-up.jpg\" \/>\n\t<meta property=\"og:image:width\" content=\"150\" \/>\n\t<meta property=\"og:image:height\" content=\"29\" \/>\n\t<meta property=\"og:image:type\" content=\"image\/jpeg\" \/>\n<meta name=\"twitter:card\" content=\"summary_large_image\" \/>\n<meta name=\"twitter:label1\" content=\"Gesch\u00e4tzte Lesezeit\" \/>\n\t<meta name=\"twitter:data1\" content=\"1\u00a0Minute\" \/>\n<script type=\"application\/ld+json\" class=\"yoast-schema-graph\">{\"@context\":\"https:\/\/schema.org\",\"@graph\":[{\"@type\":\"WebPage\",\"@id\":\"https:\/\/wienerhomepages-projekte.at\/1\/j-p-management\/unternehmen\/jung-partner-management-gmbh-step-up\/\",\"url\":\"https:\/\/wienerhomepages-projekte.at\/1\/j-p-management\/unternehmen\/jung-partner-management-gmbh-step-up\/\",\"name\":\"Jung + Partner Management GmbH & StEP-Up - j-p-management\",\"isPartOf\":{\"@id\":\"https:\/\/wienerhomepages-projekte.at\/1\/j-p-management\/#website\"},\"primaryImageOfPage\":{\"@id\":\"https:\/\/wienerhomepages-projekte.at\/1\/j-p-management\/unternehmen\/jung-partner-management-gmbh-step-up\/#primaryimage\"},\"image\":{\"@id\":\"https:\/\/wienerhomepages-projekte.at\/1\/j-p-management\/unternehmen\/jung-partner-management-gmbh-step-up\/#primaryimage\"},\"thumbnailUrl\":\"https:\/\/wienerhomepages-projekte.at\/1\/j-p-management\/wp-content\/uploads\/images\/logos\/step-up.jpg\",\"datePublished\":\"2022-04-13T07:42:35+00:00\",\"dateModified\":\"2025-07-31T11:16:22+00:00\",\"description\":\"Jung + Partner Management GmbH & StEP-Up - Jung + Partner Management GmbH und StEP-Up sind eng miteinander verbundene Organisationen, die mit viel Engagement und auch ehrenamtlicher Arbeit das gemeinsame Ziel verfolgen, die Wettbewerbsf\u00e4higkeit der in \u00d6sterreich produzierenden Unternehmen zu st\u00e4rken. Unter einer gemeinsamen F\u00fchrung sind wir bereits seit vielen Jahren verl\u00e4sslicher Anbieter von Consulting-\/Coaching-Leistungen sowie von Trainings und Lehrg\u00e4ngen zu den Themenfeldern \u201eQualit\u00e4tsverbesserung\u201c und \u201eProduktivit\u00e4tssteigerung\u201c. Au\u00dferdem f\u00f6rdern wir den Erfahrungsaustausch zwischen Unternehmen \u00fcber Konferenzen, Lean Zirkel und Kooperationsprojekte. Gemeinsam st\u00e4rken wir so die Produktionsstandorte in \u00d6sterreich und bef\u00e4higen die Unternehmen, ihre erfolgsentscheidenden Prozesse kundenorientiert, robust und effizient zu gestalten und ihre Produktivit\u00e4t laufend zu verbessern.\",\"breadcrumb\":{\"@id\":\"https:\/\/wienerhomepages-projekte.at\/1\/j-p-management\/unternehmen\/jung-partner-management-gmbh-step-up\/#breadcrumb\"},\"inLanguage\":\"de\",\"potentialAction\":[{\"@type\":\"ReadAction\",\"target\":[\"https:\/\/wienerhomepages-projekte.at\/1\/j-p-management\/unternehmen\/jung-partner-management-gmbh-step-up\/\"]}]},{\"@type\":\"ImageObject\",\"inLanguage\":\"de\",\"@id\":\"https:\/\/wienerhomepages-projekte.at\/1\/j-p-management\/unternehmen\/jung-partner-management-gmbh-step-up\/#primaryimage\",\"url\":\"https:\/\/wienerhomepages-projekte.at\/1\/j-p-management\/wp-content\/uploads\/images\/logos\/step-up.jpg\",\"contentUrl\":\"https:\/\/wienerhomepages-projekte.at\/1\/j-p-management\/wp-content\/uploads\/images\/logos\/step-up.jpg\",\"width\":150,\"height\":29},{\"@type\":\"BreadcrumbList\",\"@id\":\"https:\/\/wienerhomepages-projekte.at\/1\/j-p-management\/unternehmen\/jung-partner-management-gmbh-step-up\/#breadcrumb\",\"itemListElement\":[{\"@type\":\"ListItem\",\"position\":1,\"name\":\"Startseite\",\"item\":\"https:\/\/wienerhomepages-projekte.at\/1\/j-p-management\/\"},{\"@type\":\"ListItem\",\"position\":2,\"name\":\"\u00dcber uns\",\"item\":\"https:\/\/wienerhomepages-projekte.at\/1\/j-p-management\/unternehmen\/\"},{\"@type\":\"ListItem\",\"position\":3,\"name\":\"Jung + Partner Management GmbH &#038; StEP-Up\"}]},{\"@type\":\"WebSite\",\"@id\":\"https:\/\/wienerhomepages-projekte.at\/1\/j-p-management\/#website\",\"url\":\"https:\/\/wienerhomepages-projekte.at\/1\/j-p-management\/\",\"name\":\"j-p-management\",\"description\":\"\",\"potentialAction\":[{\"@type\":\"SearchAction\",\"target\":{\"@type\":\"EntryPoint\",\"urlTemplate\":\"https:\/\/wienerhomepages-projekte.at\/1\/j-p-management\/?s={search_term_string}\"},\"query-input\":{\"@type\":\"PropertyValueSpecification\",\"valueRequired\":true,\"valueName\":\"search_term_string\"}}],\"inLanguage\":\"de\"}]}<\/script>\n<!-- \/ Yoast SEO plugin. -->","yoast_head_json":{"title":"Jung + Partner Management GmbH & StEP-Up - j-p-management","description":"Jung + Partner Management GmbH & StEP-Up - Jung + Partner Management GmbH und StEP-Up sind eng miteinander verbundene Organisationen, die mit viel Engagement und auch ehrenamtlicher Arbeit das gemeinsame Ziel verfolgen, die Wettbewerbsf\u00e4higkeit der in \u00d6sterreich produzierenden Unternehmen zu st\u00e4rken. Unter einer gemeinsamen F\u00fchrung sind wir bereits seit vielen Jahren verl\u00e4sslicher Anbieter von Consulting-\/Coaching-Leistungen sowie von Trainings und Lehrg\u00e4ngen zu den Themenfeldern \u201eQualit\u00e4tsverbesserung\u201c und \u201eProduktivit\u00e4tssteigerung\u201c. Au\u00dferdem f\u00f6rdern wir den Erfahrungsaustausch zwischen Unternehmen \u00fcber Konferenzen, Lean Zirkel und Kooperationsprojekte. Gemeinsam st\u00e4rken wir so die Produktionsstandorte in \u00d6sterreich und bef\u00e4higen die Unternehmen, ihre erfolgsentscheidenden Prozesse kundenorientiert, robust und effizient zu gestalten und ihre Produktivit\u00e4t laufend zu verbessern.","robots":{"index":"noindex","follow":"follow","max-snippet":"max-snippet:-1","max-image-preview":"max-image-preview:large","max-video-preview":"max-video-preview:-1"},"og_locale":"de_DE","og_type":"article","og_title":"Jung + Partner Management GmbH & StEP-Up - j-p-management","og_description":"Jung + Partner Management GmbH & StEP-Up - Jung + Partner Management GmbH und StEP-Up sind eng miteinander verbundene Organisationen, die mit viel Engagement und auch ehrenamtlicher Arbeit das gemeinsame Ziel verfolgen, die Wettbewerbsf\u00e4higkeit der in \u00d6sterreich produzierenden Unternehmen zu st\u00e4rken. Unter einer gemeinsamen F\u00fchrung sind wir bereits seit vielen Jahren verl\u00e4sslicher Anbieter von Consulting-\/Coaching-Leistungen sowie von Trainings und Lehrg\u00e4ngen zu den Themenfeldern \u201eQualit\u00e4tsverbesserung\u201c und \u201eProduktivit\u00e4tssteigerung\u201c. Au\u00dferdem f\u00f6rdern wir den Erfahrungsaustausch zwischen Unternehmen \u00fcber Konferenzen, Lean Zirkel und Kooperationsprojekte. Gemeinsam st\u00e4rken wir so die Produktionsstandorte in \u00d6sterreich und bef\u00e4higen die Unternehmen, ihre erfolgsentscheidenden Prozesse kundenorientiert, robust und effizient zu gestalten und ihre Produktivit\u00e4t laufend zu verbessern.","og_url":"https:\/\/wienerhomepages-projekte.at\/1\/j-p-management\/unternehmen\/jung-partner-management-gmbh-step-up\/","og_site_name":"j-p-management","article_modified_time":"2025-07-31T11:16:22+00:00","og_image":[{"width":150,"height":29,"url":"https:\/\/wienerhomepages-projekte.at\/1\/j-p-management\/wp-content\/uploads\/images\/logos\/step-up.jpg","type":"image\/jpeg"}],"twitter_card":"summary_large_image","twitter_misc":{"Gesch\u00e4tzte Lesezeit":"1\u00a0Minute"},"schema":{"@context":"https:\/\/schema.org","@graph":[{"@type":"WebPage","@id":"https:\/\/wienerhomepages-projekte.at\/1\/j-p-management\/unternehmen\/jung-partner-management-gmbh-step-up\/","url":"https:\/\/wienerhomepages-projekte.at\/1\/j-p-management\/unternehmen\/jung-partner-management-gmbh-step-up\/","name":"Jung + Partner Management GmbH & StEP-Up - j-p-management","isPartOf":{"@id":"https:\/\/wienerhomepages-projekte.at\/1\/j-p-management\/#website"},"primaryImageOfPage":{"@id":"https:\/\/wienerhomepages-projekte.at\/1\/j-p-management\/unternehmen\/jung-partner-management-gmbh-step-up\/#primaryimage"},"image":{"@id":"https:\/\/wienerhomepages-projekte.at\/1\/j-p-management\/unternehmen\/jung-partner-management-gmbh-step-up\/#primaryimage"},"thumbnailUrl":"https:\/\/wienerhomepages-projekte.at\/1\/j-p-management\/wp-content\/uploads\/images\/logos\/step-up.jpg","datePublished":"2022-04-13T07:42:35+00:00","dateModified":"2025-07-31T11:16:22+00:00","description":"Jung + Partner Management GmbH & StEP-Up - Jung + Partner Management GmbH und StEP-Up sind eng miteinander verbundene Organisationen, die mit viel Engagement und auch ehrenamtlicher Arbeit das gemeinsame Ziel verfolgen, die Wettbewerbsf\u00e4higkeit der in \u00d6sterreich produzierenden Unternehmen zu st\u00e4rken. Unter einer gemeinsamen F\u00fchrung sind wir bereits seit vielen Jahren verl\u00e4sslicher Anbieter von Consulting-\/Coaching-Leistungen sowie von Trainings und Lehrg\u00e4ngen zu den Themenfeldern \u201eQualit\u00e4tsverbesserung\u201c und \u201eProduktivit\u00e4tssteigerung\u201c. Au\u00dferdem f\u00f6rdern wir den Erfahrungsaustausch zwischen Unternehmen \u00fcber Konferenzen, Lean Zirkel und Kooperationsprojekte. Gemeinsam st\u00e4rken wir so die Produktionsstandorte in \u00d6sterreich und bef\u00e4higen die Unternehmen, ihre erfolgsentscheidenden Prozesse kundenorientiert, robust und effizient zu gestalten und ihre Produktivit\u00e4t laufend zu verbessern.","breadcrumb":{"@id":"https:\/\/wienerhomepages-projekte.at\/1\/j-p-management\/unternehmen\/jung-partner-management-gmbh-step-up\/#breadcrumb"},"inLanguage":"de","potentialAction":[{"@type":"ReadAction","target":["https:\/\/wienerhomepages-projekte.at\/1\/j-p-management\/unternehmen\/jung-partner-management-gmbh-step-up\/"]}]},{"@type":"ImageObject","inLanguage":"de","@id":"https:\/\/wienerhomepages-projekte.at\/1\/j-p-management\/unternehmen\/jung-partner-management-gmbh-step-up\/#primaryimage","url":"https:\/\/wienerhomepages-projekte.at\/1\/j-p-management\/wp-content\/uploads\/images\/logos\/step-up.jpg","contentUrl":"https:\/\/wienerhomepages-projekte.at\/1\/j-p-management\/wp-content\/uploads\/images\/logos\/step-up.jpg","width":150,"height":29},{"@type":"BreadcrumbList","@id":"https:\/\/wienerhomepages-projekte.at\/1\/j-p-management\/unternehmen\/jung-partner-management-gmbh-step-up\/#breadcrumb","itemListElement":[{"@type":"ListItem","position":1,"name":"Startseite","item":"https:\/\/wienerhomepages-projekte.at\/1\/j-p-management\/"},{"@type":"ListItem","position":2,"name":"\u00dcber uns","item":"https:\/\/wienerhomepages-projekte.at\/1\/j-p-management\/unternehmen\/"},{"@type":"ListItem","position":3,"name":"Jung + Partner Management GmbH &#038; StEP-Up"}]},{"@type":"WebSite","@id":"https:\/\/wienerhomepages-projekte.at\/1\/j-p-management\/#website","url":"https:\/\/wienerhomepages-projekte.at\/1\/j-p-management\/","name":"j-p-management","description":"","potentialAction":[{"@type":"SearchAction","target":{"@type":"EntryPoint","urlTemplate":"https:\/\/wienerhomepages-projekte.at\/1\/j-p-management\/?s={search_term_string}"},"query-input":{"@type":"PropertyValueSpecification","valueRequired":true,"valueName":"search_term_string"}}],"inLanguage":"de"}]}},"_links":{"self":[{"href":"https:\/\/wienerhomepages-projekte.at\/1\/j-p-management\/wp-json\/wp\/v2\/pages\/5198","targetHints":{"allow":["GET"]}}],"collection":[{"href":"https:\/\/wienerhomepages-projekte.at\/1\/j-p-management\/wp-json\/wp\/v2\/pages"}],"about":[{"href":"https:\/\/wienerhomepages-projekte.at\/1\/j-p-management\/wp-json\/wp\/v2\/types\/page"}],"author":[{"embeddable":true,"href":"https:\/\/wienerhomepages-projekte.at\/1\/j-p-management\/wp-json\/wp\/v2\/users\/6"}],"replies":[{"embeddable":true,"href":"https:\/\/wienerhomepages-projekte.at\/1\/j-p-management\/wp-json\/wp\/v2\/comments?post=5198"}],"version-history":[{"count":5,"href":"https:\/\/wienerhomepages-projekte.at\/1\/j-p-management\/wp-json\/wp\/v2\/pages\/5198\/revisions"}],"predecessor-version":[{"id":8728,"href":"https:\/\/wienerhomepages-projekte.at\/1\/j-p-management\/wp-json\/wp\/v2\/pages\/5198\/revisions\/8728"}],"up":[{"embeddable":true,"href":"https:\/\/wienerhomepages-projekte.at\/1\/j-p-management\/wp-json\/wp\/v2\/pages\/5118"}],"wp:attachment":[{"href":"https:\/\/wienerhomepages-projekte.at\/1\/j-p-management\/wp-json\/wp\/v2\/media?parent=5198"}],"curies":[{"name":"wp","href":"https:\/\/api.w.org\/{rel}","templated":true}]}}